 hundred thousands digit of 28509232?
5
What is the ten thousands digit of 929057?
2
What is the hundreds digit of 3572582?
5
What is the hundreds digit of 157638?
6
What is the units digit of 6114536?
6
What is the thousands digit of 3712009?
2
What is the millions digit of 1124014?
1
What is the hundreds digit of 249603?
6
What is the thousands digit of 4958638?
8
What is the hundreds digit of 247594?
5
What is the hundred thousands digit of 4467115?
4
What is the hundreds digit of 91737?
7
What is the thousands digit of 4650396?
0
What is the hundred thousands digit of 21929075?
9
What is the ten millions digit of 23963946?
2
What is the tens digit of 87734?
3
What is the tens digit of 722759?
5
What is the thousands digit of 12191923?
1
What is the ten thousands digit of 70050?
7
What is the units digit of 448370?
0
What is the thousands digit of 3232553?
2
What is the thousands digit of 1020066?
0
What is the hundred thousands digit of 436880?
4
What is the units digit of 3114144?
4
What is the hundreds digit of 7946222?
2
What is the hundreds digit of 275300?
3
What is the units digit of 1741626?
6
What is the hundreds digit of 45125?
1
What is the hundreds digit of 18520074?
0
What is the units digit of 141966?
6
What is the thousands digit of 1676571?
6
What is the hundred thousands digit of 126710?
1
What is the hundreds digit of 1789475?
4
What is the thousands digit of 44245?
4
What is the hundreds digit of 16705739?
7
What is the ten thousands digit of 2824242?
2
What is the tens digit of 958807?
0
What is the millions digit of 3744001?
3
What is the tens digit of 11027329?
2
What is the tens digit of 247394?
9
What is the tens digit of 228627?
2
What is the hundred thousands digit of 391040?
3
What is the thousands digit of 851438?
1
What is the units digit of 9804169?
9
What is the ten thousands digit of 4654630?
5
What is the ten thousands digit of 967371?
6
What is the ten thousands digit of 235109?
3
What is the ten thousands digit of 10838913?
3
What is the ten thousands digit of 393215?
9
What is the thousands digit of 3393030?
3
What is the tens digit of 2782028?
2
What is the hundreds digit of 15601009?
0
What is the hundreds digit of 7545427?
4
What is the hundred thousands digit of 491892?
4
What is the millions digit of 6402151?
6
What is the hundreds digit of 8560773?
7
What is the ten thousands digit of 49248?
4
What is the thousands digit of 4422649?
2
What is the ten thousands digit of 1429410?
2
What is the hundred thousands digit of 1321715?
3
What is the hundred thousands digit of 2474554?
4
What is the units digit of 262412?
2
What is the hundreds digit of 1024186?
1
What is the hundreds digit of 2926044?
0
What is the thousands digit of 211629?
1
What is the units digit of 99035?
5
What is the hundreds digit of 6293949?
9
What is the hundred thousands digit of 259877?
2
What is the units digit of 4216837?
7
What is the hundred thousands digit of 169976?
1
What is the ten thousands digit of 3036265?
3
What is the tens digit of 186089?
8
What is the hundreds digit of 6314200?
2
What is the units digit of 921159?
9
What is the units digit of 2095314?
4
What is the ten thousands digit of 32707425?
0
What is the millions digit of 1358431?
1
What is the thousands digit of 1127021?
7
What is the millions digit of 6489457?
6
What is the thousands digit of 10115000?
5
What is the units digit of 134988?
8
What is the hundred thousands digit of 3621940?
6
What is the thousands digit of 793003?
3
What is the ten thousands digit of 73880?
7
What is the tens digit of 21453772?
7
What is the thousands digit of 319079?
9
What is the hundreds digit of 10014?
0
What is the ten thousands digit of 729870?
2
What is the hundred thousands digit of 4055977?
0
What is the units digit of 4926344?
4
What is the tens digit of 83574?
7
What is the hundreds digit of 1239993?
9
What is the ten thousands digit of 2510284?
1
What is the ten thousands digit of 746571?
4
What is the ten thousands digit of 339057?
3
What is the thousands digit of 408921?
8
What is the millions digit of 36504298?
6
What is the tens digit of 170042?
4
What is the thousands digit of 1302246?
2
What is the tens digit of 20584925?
2
What is the hundred thousands digit of 2703679?
7
What is the tens digit of 427623?
2
What is the ten thousands digit of 80420?
8
What is the thousands digit of 1145157?
5
What is the millions digit of 1711185?
1
What is the thousands digit of 602838?
2
What is the hundreds digit of 3059311?
3
What is the thousands digit of 1432565?
2
What is the units digit of 4165405?
5
What is the hundred thousands digit of 377090?
3
What is the units digit of 2145964?
4
What is the tens digit of 9061988?
8
What is the ten thousands digit of 188723?
8
What is the units digit of 814169?
9
What is the hundreds digit of 407487?
4
What is the millions digit of 18547476?
8
What is the units digit of 40867?
7
What is the thousands digit of 4352331?
2
What is the ten thousands digit of 22855030?
5
What is the ten thousands digit of 3027290?
2
What is the hundreds digit of 2351554?
5
What is the units digit of 205938?
8
What is the thousands digit of 26132415?
2
What is the units digit of 3726715?
5
What is the tens digit of 385139?
3
What is the thousands digit of 48611?
8
What is the hundred thousands digit of 1009796?
0
What is the hundreds digit of 480019?
0
What is the units digit of 2296652?
2
What is the thousands digit of 188937?
8
What is the ten thousands digit of 960743?
6
What is the ten thousands digit of 270812?
7
What is the thousands digit of 93165?
3
What is the hundreds digit of 3374336?
3
What is the units digit of 4081159?
9
What is the millions digit of 1462053?
1
What is the hundreds digit of 195951?
9
What is the millions digit of 1071139?
1
What is the hundreds digit of 4940778?
7
What is the tens digit of 308459?
5
What is the hundred thousands digit of 1608610?
6
What is the hundreds digit of 258486?
4
What is the hundred thousands digit of 260097?
2
What is the ten thousands digit of 587634?
8
What is the hundreds digit of 256170?
1
What is the thousands digit of 2733283?
3
What is the ten thousands digit of 7231230?
3
What is the thousands digit of 907079?
7
What is the ten thousands digit of 630788?
3
What is the hundreds digit of 439802?
8
What is the ten thousands digit of 2516023?
1
What is the tens digit of 128709?
0
What is the ten thousands digit of 4468968?
6
What is the ten thousands digit of 15658?
1
What is the thousands digit of 14918693?
8
What is the thousands digit of 1985376?
5
What is the ten thousands digit of 14626698?
2
What is the hundred thousands digit of 1117609?
1
What is the thousands digit of 764973?
4
What is the tens digit of 9403819?
1
What is the ten thousands digit of 411345?
1
What is the units digit of 12963212?
2
What is the hundreds digit of 442931?
9
What is the ten thousands digit of 4535949?
3
What is the hundred thousands digit of 1445382?
4
What is the thousands digit of 378506?
8
What is the ten thousands digit of 192277?
9
What is the hundreds digit of 1197112?
1
What is the hundreds digit of 112479?
4
What is the hundreds digit of 286828?
8
What is the tens digit of 44499?
9
What is the ten thousands digit of 772180?
7
What is the ten thousands digit of 19450736?
5
What is the hundred thousands digit of 13125373?
1
What is the hundreds digit of 198863?
8
What is the thousands digit of 926371?
6
What is the thousands digit of 6355738?
5
What is the millions digit of 9014565?
9
What is the hundred thousands digit of 9503517?
5
What is the millions digit of 5900280?
5
What is the tens digit of 28902522?
2
What is the thousands digit of 3418014?
8
What is the ten thousands digit of 2139162?
3
What is the thousands digit of 75193?
5
What is the tens digit of 322722?
2
What is the units digit of 97823?
3
What is the hundred thousands digit of 5621629?
6
What is the ten thousands digit of 1309049?
0
What is the hundred thousands digit of 1166289?
1
What is the millions digit of 6725624?
6
What is the ten thousands digit of 416814?
1
What is the thousands digit of 630591?
0
What is the hundreds digit of 736205?
2
What is the thousands digit of 32248114?
8
What is the ten thousands digit of 40